{"id":168,"date":"2022-03-20T21:31:24","date_gmt":"2022-03-20T21:31:24","guid":{"rendered":"https:\/\/www.ateepix.com\/wordpress\/?page_id=168"},"modified":"2022-03-23T12:56:37","modified_gmt":"2022-03-23T12:56:37","slug":"nos-prestations-immobilier-et-urbanisme","status":"publish","type":"page","link":"https:\/\/www.ateepix.com\/?page_id=168","title":{"rendered":"Nos prestations immobilier et urbanisme"},"content":{"rendered":"<div id=\"pricing\" class=\"tatsu-BJTVLIx1c tatsu-section    tatsu-clearfix\" data-title=\"\"  data-headerscheme=\"background--dark\"><div class='tatsu-section-pad clearfix' data-padding='{\"d\":\"90px 0px 305px 0px\",\"m\":\"90px 0px 0px 0px\",\"t\":\"119px 0px 0px 0px\"}' data-padding-top='90px'><div class=\"tatsu-row-wrap  tatsu-wrap tatsu-row-one-col tatsu-row-has-one-cols tatsu-medium-gutter tatsu-reg-cols  tatsu-clearfix tatsu-BJxaVLIgJ5\" ><div  class=\"tatsu-row \" ><div  class=\"tatsu-column  tatsu-column-no-bg tatsu-one-col tatsu-column-image-none tatsu-column-effect-none  tatsu-B1W64I8x1q\"  data-parallax-speed=\"0\" style=\"\"><div class=\"tatsu-column-inner \" ><div class=\"tatsu-column-pad-wrap\"><div class=\"tatsu-column-pad\" ><div  class=\"tatsu-module tatsu-inline-text clearfix tatsu-B1Ma4LLly5   \" ><style>.tatsu-B1Ma4LLly5 .tatsu-inline-text-inner{width: 100%;text-align: center;}.tatsu-B1Ma4LLly5.tatsu-inline-text{margin: 0px 0px 15px 0px ;}.tatsu-B1Ma4LLly5.tatsu-inline-text .tatsu-inline-text-inner *{}@media only screen and (min-width:768px) and (max-width: 1024px) {.tatsu-B1Ma4LLly5.tatsu-inline-text{margin: 0px 0px 18px 0px;}.tatsu-B1Ma4LLly5 .tatsu-inline-text-inner{padding: 0px 0px 0px 0px;}}@media only screen and (max-width: 767px) {.tatsu-B1Ma4LLly5 .tatsu-inline-text-inner{padding: 62px 0px 0px 0px;}}<\/style><div class=\"tatsu-inline-text-inner tatsu-align-center\">\n<h2 style=\"text-align: center;\"><span style=\"color: #fbffff;\">IMMOBILIER ET URBANISME<\/span><\/h2>\n<\/div><\/div><div  class=\"tatsu-module tatsu-inline-text clearfix tatsu-HJQp4IIxk5   \" ><style>.tatsu-HJQp4IIxk5 .tatsu-inline-text-inner{width: 47%;text-align: left;}.tatsu-HJQp4IIxk5.tatsu-inline-text .tatsu-inline-text-inner *{text-transform : none;font-size : 18px;}@media only screen and (max-width: 767px) {.tatsu-HJQp4IIxk5 .tatsu-inline-text-inner{width: 100%;}}<\/style><div class=\"tatsu-inline-text-inner tatsu-align-center\">\n<p style=\"text-align: center;\"><strong><span style=\"color: #f5f8f8;\">Toute option peut \u00eatre selectionn\u00e9e de mani\u00e8re ind\u00e9pendante<\/span><\/strong><\/p>\n<\/div><\/div><\/div><\/div><div class = \"tatsu-column-bg-image-wrap\"><div class = \"tatsu-column-bg-image\" ><\/div><\/div><\/div><style>.tatsu-row > .tatsu-B1W64I8x1q.tatsu-column{width: 100%;}.tatsu-B1W64I8x1q.tatsu-column > .tatsu-column-inner > .tatsu-column-overlay{mix-blend-mode: none;}.tatsu-B1W64I8x1q > .tatsu-column-inner > .tatsu-top-divider{z-index: 9999;}.tatsu-B1W64I8x1q > .tatsu-column-inner > .tatsu-bottom-divider{z-index: 9999;}.tatsu-B1W64I8x1q > .tatsu-column-inner > .tatsu-left-divider{z-index: 9999;}.tatsu-B1W64I8x1q > .tatsu-column-inner > .tatsu-right-divider{z-index: 9999;}@media only screen and (max-width:1377px) {.tatsu-row > .tatsu-B1W64I8x1q.tatsu-column{width: 100%;}}@media only screen and (min-width:768px) and (max-width: 1024px) {.tatsu-row > .tatsu-B1W64I8x1q.tatsu-column{width: 100%;}}@media only screen and (max-width: 767px) {.tatsu-row > .tatsu-B1W64I8x1q.tatsu-column{width: 100%;}}<\/style><\/div><\/div><\/div><div class=\"tatsu-row-wrap  tatsu-wrap tatsu-row-has-one-half tatsu-row-has-two-cols tatsu-medium-gutter tatsu-reg-cols  tatsu-clearfix tatsu-rk4TV8Ll1q\" ><style>@media only screen and (min-width:768px) and (max-width: 1024px) {.tatsu-rk4TV8Ll1q.tatsu-row-wrap > .tatsu-row{padding: 0px 20% 0px 20%;margin-bottom: 0px;}.tatsu-rk4TV8Ll1q > .tatsu-row{margin-top: 0px;}}<\/style><div  class=\"tatsu-row \" ><div  class=\"tatsu-column  tatsu-one-half tatsu-animate tatsu-column-align-top tatsu-column-image-none tatsu-column-effect-none  tatsu-HJSaV8Llyc\" data-animation=\"fadeInUp\"   data-parallax-speed=\"0\" style=\"\"><div class=\"tatsu-column-inner \" ><div class=\"tatsu-column-pad-wrap\"><div class=\"tatsu-column-pad\" ><div  class=\"tatsu-module tatsu-inline-text clearfix tatsu-S18pEI8gk9   \" ><style>.tatsu-S18pEI8gk9 .tatsu-inline-text-inner{width: 100%;text-align: center;}.tatsu-S18pEI8gk9.tatsu-inline-text{margin: 0px 0px 0px 0px ;}.tatsu-S18pEI8gk9.tatsu-inline-text .tatsu-inline-text-inner *{text-transform : none;font-size : 34px;letter-spacing : 0px;}@media only screen and (min-width:768px) and (max-width: 1024px) {.tatsu-S18pEI8gk9 .tatsu-inline-text-inner{width: 100%;}}<\/style><div class=\"tatsu-inline-text-inner tatsu-align-center\">\n<h4><strong><span style=\"color: #090909;\">VIDEO EN INTERIEUR<\/span><\/strong><\/h4>\n<\/div><\/div><div  class=\"tatsu-module tatsu-inline-text clearfix tatsu-Hkv6V8Lgkc   \" ><style>.tatsu-Hkv6V8Lgkc .tatsu-inline-text-inner{width: 100%;text-align: left;}.tatsu-Hkv6V8Lgkc.tatsu-inline-text{margin: 0px 0px 20px 0px ;}<\/style><div class=\"tatsu-inline-text-inner tatsu-align-center\"><\/div><\/div><ul  class=\"tatsu-module tatsu-list tatsu-SyYc_Lxy9    tatsu-list-vertical-align-top tatsu-list-bordered tatsu-lists-icon\" ><style>.tatsu-SyYc_Lxy9{margin: 0 0 60px 0;}.tatsu-SyYc_Lxy9.tatsu-list-bordered .tatsu-list-content{padding: 20px 0;}.tatsu-SyYc_Lxy9 .tatsu-list-content::before, .tatsu-SyYc_Lxy9 .tatsu-icon{color: rgba(34,147,215,1) ;}@media only screen and (max-width:1377px) {.tatsu-SyYc_Lxy9.tatsu-list-bordered .tatsu-list-content{padding: 5px 0;}}<\/style><li  class=\"tatsu-list-content tatsu-S1lKcO8gJc   \" ><div class=\"tatsu-list-icon-wrap\" ><i class=\"tatsu-icon icon-icon_check \"><\/i><\/div><div class=\"tatsu-list-inner\">\n<h5>Captation et montage d&#8217;environ <strong>1 min<\/strong> en full HD (lumieres et materiel adapt\u00e9)<\/h5>\n<\/div><style>.tatsu-S1lKcO8gJc .tatsu-icon, .tatsu-S1lKcO8gJc.tatsu-list-content::before{color: rgba(82,142,255,1) ;}.tatsu-S1lKcO8gJc{border-style: solid;}<\/style><\/li><li  class=\"tatsu-list-content tatsu-BJbF9_8g15   \" ><div class=\"tatsu-list-icon-wrap\" ><i class=\"tatsu-icon icon-icon_close \"><\/i><\/div><div class=\"tatsu-list-inner\">\n<h5>Interview (micro directionnel ou micro cravatte, lumi\u00e8res) s\u00e9quen\u00e7able dans la vid\u00e9o<\/h5>\n<\/div><style>.tatsu-BJbF9_8g15 .tatsu-icon, .tatsu-BJbF9_8g15.tatsu-list-content::before{color: rgba(164,125,129,1) ;}.tatsu-BJbF9_8g15{border-style: solid;}<\/style><\/li><li  class=\"tatsu-list-content tatsu-ryzY5OUlJ5   \" ><div class=\"tatsu-list-icon-wrap\" ><i class=\"tatsu-icon icon-icon_close \"><\/i><\/div><div class=\"tatsu-list-inner\">\n<h5>Vid\u00e9o a\u00e9rienne<\/h5>\n<\/div><style>.tatsu-ryzY5OUlJ5 .tatsu-icon, .tatsu-ryzY5OUlJ5.tatsu-list-content::before{color: rgba(164,125,129,1) ;}.tatsu-ryzY5OUlJ5{border-style: solid;}<\/style><\/li><li  class=\"tatsu-list-content tatsu-Hk7Fq_8x15   \" ><div class=\"tatsu-list-icon-wrap\" ><i class=\"tatsu-icon icon-icon_check \"><\/i><\/div><div class=\"tatsu-list-inner\">\n<h5>Musique libre de droit et retouches colorim\u00e9triques<\/h5>\n<\/div><style>.tatsu-Hk7Fq_8x15 .tatsu-icon, .tatsu-Hk7Fq_8x15.tatsu-list-content::before{color: rgba(82,142,255,1) ;}.tatsu-Hk7Fq_8x15{border-style: solid;}<\/style><\/li><li  class=\"tatsu-list-content tatsu-Hk4tcdUlk5   \" ><div class=\"tatsu-list-icon-wrap\" ><i class=\"tatsu-icon icon-icon_check \"><\/i><\/div><div class=\"tatsu-list-inner\">\n<h5>Jusqu&#8217;\u00e0 <strong>3 textes<\/strong> en surimpression (fournis par le client)<\/h5>\n<\/div><style>.tatsu-Hk4tcdUlk5 .tatsu-icon, .tatsu-Hk4tcdUlk5.tatsu-list-content::before{color: rgba(82,142,255,1) ;}.tatsu-Hk4tcdUlk5{border-style: solid;}<\/style><\/li><li  class=\"tatsu-list-content tatsu-S1SF5uUgy5   \" ><div class=\"tatsu-list-icon-wrap\" ><i class=\"tatsu-icon icon-icon_close \"><\/i><\/div><div class=\"tatsu-list-inner\">\n<h5>Pack de 2 \u00e0 5 photos avec retouche<\/h5>\n<\/div><style>.tatsu-S1SF5uUgy5 .tatsu-icon, .tatsu-S1SF5uUgy5.tatsu-list-content::before{color: rgba(164,125,129,1) ;}.tatsu-S1SF5uUgy5{border-style: solid;}<\/style><\/li><li  class=\"tatsu-list-content tatsu-r18FcdUek9   \" ><div class=\"tatsu-list-icon-wrap\" ><i class=\"tatsu-icon icon-icon_check \"><\/i><\/div><div class=\"tatsu-list-inner\">\n<h5>Insertion du logo (fourni par le client)<\/h5>\n<\/div><style>.tatsu-r18FcdUek9 .tatsu-icon, .tatsu-r18FcdUek9.tatsu-list-content::before{color: rgba(82,142,255,1) ;}.tatsu-r18FcdUek9{border-style: solid;}<\/style><\/li><li  class=\"tatsu-list-content tatsu-S1KFqO8e1c   \" ><div class=\"tatsu-list-icon-wrap\" ><i class=\"tatsu-icon icon-icon_check \"><\/i><\/div><div class=\"tatsu-list-inner\">\n<h5>Livraison en 3 jours ouvr\u00e9s<\/h5>\n<\/div><style>.tatsu-S1KFqO8e1c .tatsu-icon, .tatsu-S1KFqO8e1c.tatsu-list-content::before{color: rgba(82,142,255,1) ;}.tatsu-S1KFqO8e1c{border-style: solid;}<\/style><\/li><li  class=\"tatsu-list-content tatsu-Skut5_LeJ5   \" ><div class=\"tatsu-list-icon-wrap\" ><i class=\"tatsu-icon icon-icon_check \"><\/i><\/div><div class=\"tatsu-list-inner\">\n<h5><strong>2 modifications<\/strong> possibles<\/h5>\n<\/div><style>.tatsu-Skut5_LeJ5{border-style: solid;}<\/style><\/li><\/ul><\/div><\/div><div class = \"tatsu-column-bg-image-wrap\"><div class = \"tatsu-column-bg-image\" ><\/div><\/div><\/div><style>.tatsu-row > .tatsu-HJSaV8Llyc.tatsu-column{width: 50%;}.tatsu-HJSaV8Llyc.tatsu-column > .tatsu-column-inner{background-color: rgba(219,233,221,0.95);box-shadow: 0px 5px 30px 0px rgba(214,215,216,0.57);}.tatsu-HJSaV8Llyc.tatsu-column > .tatsu-column-inner > .tatsu-column-pad-wrap > .tatsu-column-pad{padding: 50px 35px 50px 35px ;}.tatsu-HJSaV8Llyc.tatsu-column > .tatsu-column-inner > .tatsu-column-overlay{mix-blend-mode: none;}.tatsu-HJSaV8Llyc > .tatsu-column-inner > .tatsu-top-divider{z-index: 9999;}.tatsu-HJSaV8Llyc > .tatsu-column-inner > .tatsu-bottom-divider{z-index: 9999;}.tatsu-HJSaV8Llyc > .tatsu-column-inner > .tatsu-left-divider{z-index: 9999;}.tatsu-HJSaV8Llyc > .tatsu-column-inner > .tatsu-right-divider{z-index: 9999;}@media only screen and (max-width:1377px) {.tatsu-row > .tatsu-HJSaV8Llyc.tatsu-column{width: 50%;}}@media only screen and (min-width:768px) and (max-width: 1024px) {.tatsu-row > .tatsu-HJSaV8Llyc.tatsu-column{width: 100%;}.tatsu-HJSaV8Llyc.tatsu-column{margin: 0px 0px 0px 0px !important;}}@media only screen and (max-width: 767px) {.tatsu-row > .tatsu-HJSaV8Llyc.tatsu-column{width: 100%;}}<\/style><\/div><div  class=\"tatsu-column  tatsu-one-half tatsu-animate tatsu-column-align-top tatsu-column-image-none tatsu-column-effect-none  tatsu-rkgg648LeJ9\" data-animation=\"fadeInUp\" data-animation-delay=\"150\"  data-parallax-speed=\"0\" style=\"\"><div class=\"tatsu-column-inner \" ><div class=\"tatsu-column-pad-wrap\"><div class=\"tatsu-column-pad\" ><div  class=\"tatsu-module tatsu-inline-text clearfix tatsu-BJblTNL8gyc   \" ><style>.tatsu-BJblTNL8gyc .tatsu-inline-text-inner{width: 100%;text-align: left;}.tatsu-BJblTNL8gyc.tatsu-inline-text{margin: 0px 0px 0px 0px ;}.tatsu-BJblTNL8gyc.tatsu-inline-text .tatsu-inline-text-inner *{text-transform : none;font-size : 34px;letter-spacing : 2px;}@media only screen and (min-width:768px) and (max-width: 1024px) {.tatsu-BJblTNL8gyc .tatsu-inline-text-inner{padding: 0px 0px 0px 0px;}}@media only screen and (max-width: 767px) {.tatsu-BJblTNL8gyc.tatsu-inline-text .tatsu-inline-text-inner *{text-transform : none;font-size : 34px;letter-spacing : 0px;}}<\/style><div class=\"tatsu-inline-text-inner tatsu-align-center\">\n<h4 style=\"text-align: center;\"><strong>PREMIUM IMMOBILIER<\/strong><\/h4>\n<\/div><\/div><div  class=\"tatsu-module tatsu-inline-text clearfix tatsu-BkGeTN8Igyq   \" ><style>.tatsu-BkGeTN8Igyq .tatsu-inline-text-inner{width: 100%;text-align: left;}.tatsu-BkGeTN8Igyq.tatsu-inline-text{margin: 0px 0px 20px 0px ;}<\/style><div class=\"tatsu-inline-text-inner tatsu-align-center\"><\/div><\/div><ul  class=\"tatsu-module tatsu-list tatsu-BJmeT48Ugyc    tatsu-list-bordered tatsu-lists-icon\" ><style>.tatsu-BJmeT48Ugyc{margin: 0 0 60px 0;}.tatsu-BJmeT48Ugyc.tatsu-list-bordered .tatsu-list-content{padding: 20px 0;}.tatsu-BJmeT48Ugyc .tatsu-list-content::before, .tatsu-BJmeT48Ugyc .tatsu-icon{color: rgba(34,147,215,1) ;}@media only screen and (max-width:1377px) {.tatsu-BJmeT48Ugyc.tatsu-list-bordered .tatsu-list-content{padding: 5px 0;}}@media only screen and (min-width:768px) and (max-width: 1024px) {.tatsu-BJmeT48Ugyc.tatsu-list-bordered .tatsu-list-content{padding: 20px 0;}}<\/style><li  class=\"tatsu-list-content tatsu-r1NgpV8Ll1c   \" ><div class=\"tatsu-list-icon-wrap\" ><i class=\"tatsu-icon icon-icon_check \"><\/i><\/div><div class=\"tatsu-list-inner\">\n<h5>Captation et montage d&#8217;environ <strong>3 min<\/strong> en full HD (lumieres et materiel adapt\u00e9)<\/h5>\n<\/div><style>.tatsu-r1NgpV8Ll1c .tatsu-icon, .tatsu-r1NgpV8Ll1c.tatsu-list-content::before{color: rgba(82,142,255,1) ;}.tatsu-r1NgpV8Ll1c{border-style: solid;}<\/style><\/li><li  class=\"tatsu-list-content tatsu-S1SgaN88x15   \" ><div class=\"tatsu-list-icon-wrap\" ><i class=\"tatsu-icon icon-icon_check \"><\/i><\/div><div class=\"tatsu-list-inner\">\n<h5>Interview (micro directionnel ou micro cravatte, lumi\u00e8res) s\u00e9quen\u00e7able dans la vid\u00e9o<\/h5>\n<\/div><style>.tatsu-S1SgaN88x15 .tatsu-icon, .tatsu-S1SgaN88x15.tatsu-list-content::before{color: rgba(82,142,255,1) ;}.tatsu-S1SgaN88x15{border-style: solid;}<\/style><\/li><li  class=\"tatsu-list-content tatsu-ryLl6N88xkq   \" ><div class=\"tatsu-list-icon-wrap\" ><i class=\"tatsu-icon icon-icon_check \"><\/i><\/div><div class=\"tatsu-list-inner\">\n<h5><strong>Vid\u00e9o a\u00e9rienne<\/strong><\/h5>\n<\/div><style>.tatsu-ryLl6N88xkq .tatsu-icon, .tatsu-ryLl6N88xkq.tatsu-list-content::before{color: rgba(82,142,255,1) ;}.tatsu-ryLl6N88xkq{border-style: solid;}<\/style><\/li><li  class=\"tatsu-list-content tatsu-Hyvg6EU8eJq   \" ><div class=\"tatsu-list-icon-wrap\" ><i class=\"tatsu-icon icon-icon_check \"><\/i><\/div><div class=\"tatsu-list-inner\">\n<h5>Musique libre de droit et retouches colorim\u00e9triques<\/h5>\n<\/div><style>.tatsu-Hyvg6EU8eJq .tatsu-icon, .tatsu-Hyvg6EU8eJq.tatsu-list-content::before{color: rgba(82,142,255,1) ;}.tatsu-Hyvg6EU8eJq{border-style: solid;}<\/style><\/li><li  class=\"tatsu-list-content tatsu-ByJku8e1q   \" ><div class=\"tatsu-list-icon-wrap\" ><i class=\"tatsu-icon icon-icon_check \"><\/i><\/div><div class=\"tatsu-list-inner\">\n<h5>Jusqu&#8217;\u00e0 <strong>5 textes<\/strong> en surimpression (fournis par le client)<\/h5>\n<\/div><style>.tatsu-ByJku8e1q .tatsu-icon, .tatsu-ByJku8e1q.tatsu-list-content::before{color: rgba(82,142,255,1) ;}.tatsu-ByJku8e1q{border-style: solid;}<\/style><\/li><li  class=\"tatsu-list-content tatsu-S1ilu8xkc   \" ><div class=\"tatsu-list-icon-wrap\" ><i class=\"tatsu-icon icon-icon_check \"><\/i><\/div><div class=\"tatsu-list-inner\">\n<h5><strong>Pack de 2 \u00e0 5 photos<\/strong> avec retouche<\/h5>\n<\/div><style>.tatsu-S1ilu8xkc .tatsu-icon, .tatsu-S1ilu8xkc.tatsu-list-content::before{color: rgba(82,142,255,1) ;}.tatsu-S1ilu8xkc{border-style: solid;}<\/style><\/li><li  class=\"tatsu-list-content tatsu-rJugp4LIx1c   \" ><div class=\"tatsu-list-icon-wrap\" ><i class=\"tatsu-icon icon-icon_check \"><\/i><\/div><div class=\"tatsu-list-inner\">\n<h5>Insertion du logo (fourni par le client)<\/h5>\n<\/div><style>.tatsu-rJugp4LIx1c .tatsu-icon, .tatsu-rJugp4LIx1c.tatsu-list-content::before{color: rgba(82,142,255,1) ;}.tatsu-rJugp4LIx1c{border-style: solid;}<\/style><\/li><li  class=\"tatsu-list-content tatsu-rkKgaEUUlJc   \" ><div class=\"tatsu-list-icon-wrap\" ><i class=\"tatsu-icon icon-icon_check \"><\/i><\/div><div class=\"tatsu-list-inner\">\n<h5>Livraison en 5 jours ouvr\u00e9s<\/h5>\n<\/div><style>.tatsu-rkKgaEUUlJc .tatsu-icon, .tatsu-rkKgaEUUlJc.tatsu-list-content::before{color: rgba(82,142,255,1) ;}.tatsu-rkKgaEUUlJc{border-style: solid;}<\/style><\/li><li  class=\"tatsu-list-content tatsu-BJqgaE8Ugk9   \" ><div class=\"tatsu-list-icon-wrap\" ><i class=\"tatsu-icon icon-icon_check \"><\/i><\/div><div class=\"tatsu-list-inner\">\n<h5><strong>2 modifications<\/strong> possibles<\/h5>\n<\/div><style>.tatsu-BJqgaE8Ugk9{border-style: solid;}<\/style><\/li><\/ul><\/div><\/div><div class = \"tatsu-column-bg-image-wrap\"><div class = \"tatsu-column-bg-image\" ><\/div><\/div><\/div><style>.tatsu-row > .tatsu-rkgg648LeJ9.tatsu-column{width: 50%;}.tatsu-rkgg648LeJ9.tatsu-column > .tatsu-column-inner{background-color: rgba(216,241,189,0.95);box-shadow: 0px 5px 30px 0px rgba(214,215,216,0.57);}.tatsu-rkgg648LeJ9.tatsu-column > .tatsu-column-inner > .tatsu-column-pad-wrap > .tatsu-column-pad{padding: 50px 35px 50px 35px ;}.tatsu-rkgg648LeJ9.tatsu-column > .tatsu-column-inner > .tatsu-column-overlay{mix-blend-mode: none;}.tatsu-rkgg648LeJ9 > .tatsu-column-inner > .tatsu-top-divider{z-index: 9999;}.tatsu-rkgg648LeJ9 > .tatsu-column-inner > .tatsu-bottom-divider{z-index: 9999;}.tatsu-rkgg648LeJ9 > .tatsu-column-inner > .tatsu-left-divider{z-index: 9999;}.tatsu-rkgg648LeJ9 > .tatsu-column-inner > .tatsu-right-divider{z-index: 9999;}@media only screen and (max-width:1377px) {.tatsu-row > .tatsu-rkgg648LeJ9.tatsu-column{width: 50%;}}@media only screen and (min-width:768px) and (max-width: 1024px) {.tatsu-row > .tatsu-rkgg648LeJ9.tatsu-column{width: 100%;}.tatsu-rkgg648LeJ9.tatsu-column > .tatsu-column-inner > .tatsu-column-pad-wrap > .tatsu-column-pad{padding: 50px 30px 50px 35px;}}@media only screen and (max-width: 767px) {.tatsu-row > .tatsu-rkgg648LeJ9.tatsu-column{width: 100%;}}<\/style><\/div><\/div><\/div><div class=\"tatsu-row-wrap  tatsu-wrap tatsu-row-one-col tatsu-row-has-one-cols tatsu-medium-gutter tatsu-reg-cols  tatsu-clearfix tatsu-HJixTV88gJ5\" ><div  class=\"tatsu-row \" ><div  class=\"tatsu-column  tatsu-column-no-bg tatsu-one-col tatsu-column-image-none tatsu-column-effect-none  tatsu-ry3xTVL8eyc\"  data-parallax-speed=\"0\" style=\"\"><div class=\"tatsu-column-inner \" ><div class=\"tatsu-column-pad-wrap\"><div class=\"tatsu-column-pad\" ><div  class=\"tatsu-empty-space  tatsu-SkLul3gyc  \" ><style>.tatsu-SkLul3gyc.tatsu-empty-space{height: 30px;}<\/style><\/div><div  class=\"tatsu-module tatsu-normal-button tatsu-button-wrap align-block block-center  tatsu-rkusFslJ9   \"><a class=\"tatsu-shortcode x-largebtn tatsu-button left-icon circular   bg-animation-none  \" href=\"https:\/\/www.ateepix.com\/?page_id=990\" style= \"\"  aria-label=\"DEMANDEZ UN DEVIS\" data-gdpr-atts={} >DEMANDEZ UN DEVIS<\/a><style>.tatsu-rkusFslJ9 .tatsu-button{background-color: rgba(74,144,226,0.79);color: #ffffff ;}<\/style><\/div><div  class=\"tatsu-empty-space  tatsu-Hkae6VIIlJ9  \" ><style>.tatsu-Hkae6VIIlJ9.tatsu-empty-space{height: 20px;}<\/style><\/div><\/div><\/div><div class = \"tatsu-column-bg-image-wrap\"><div class = \"tatsu-column-bg-image\" ><\/div><\/div><\/div><style>.tatsu-row > .tatsu-ry3xTVL8eyc.tatsu-column{width: 100%;}.tatsu-ry3xTVL8eyc.tatsu-column > .tatsu-column-inner > .tatsu-column-overlay{mix-blend-mode: none;}.tatsu-ry3xTVL8eyc > .tatsu-column-inner > .tatsu-top-divider{z-index: 9999;}.tatsu-ry3xTVL8eyc > .tatsu-column-inner > .tatsu-bottom-divider{z-index: 9999;}.tatsu-ry3xTVL8eyc > .tatsu-column-inner > .tatsu-left-divider{z-index: 9999;}.tatsu-ry3xTVL8eyc > .tatsu-column-inner > .tatsu-right-divider{z-index: 9999;}@media only screen and (max-width:1377px) {.tatsu-row > .tatsu-ry3xTVL8eyc.tatsu-column{width: 100%;}}@media only screen and (min-width:768px) and (max-width: 1024px) {.tatsu-row > .tatsu-ry3xTVL8eyc.tatsu-column{width: 100%;}}@media only screen and (max-width: 767px) {.tatsu-row > .tatsu-ry3xTVL8eyc.tatsu-column{width: 100%;}}<\/style><\/div><\/div><\/div><\/div><div class=\"tatsu-section-background-wrap\"><div class = \"tatsu-section-background\" ><\/div><\/div><style>.tatsu-BJTVLIx1c .tatsu-section-background{background-image: url(http:\/\/www.ateepix.com\/wp-content\/uploads\/2022\/03\/Header-Immobilier-scaled.jpg);background-repeat: no-repeat;background-attachment: scroll;background-position: bottom center;background-size: cover;}.tatsu-BJTVLIx1c .tatsu-bg-blur{background-repeat: no-repeat;background-attachment: scroll;background-position: bottom center;background-size: cover;}.tatsu-BJTVLIx1c{border-width: 0px 0px 1px 0px ;border-color: rgba(239,239,239,1); border-style: solid;}.tatsu-BJTVLIx1c .tatsu-section-pad{padding: 90px 0px 305px 0px;}.tatsu-BJTVLIx1c > .tatsu-bottom-divider{z-index: 9999;}.tatsu-BJTVLIx1c > .tatsu-top-divider{z-index: 9999;}@media only screen and (max-width:1377px) {.tatsu-BJTVLIx1c .tatsu-section-background{background-size: cover;}.tatsu-BJTVLIx1c .tatsu-bg-blur{background-size: cover;}}@media only screen and (min-width:768px) and (max-width: 1024px) {.tatsu-BJTVLIx1c .tatsu-section-background{background-position: top center;background-size: cover;}.tatsu-BJTVLIx1c .tatsu-bg-blur{background-position: top center;background-size: cover;}.tatsu-BJTVLIx1c .tatsu-section-pad{padding: 119px 0px 0px 0px;}}@media only screen and (max-width: 767px) {.tatsu-BJTVLIx1c .tatsu-section-background{background-position: bottom center;background-size: cover;}.tatsu-BJTVLIx1c .tatsu-bg-blur{background-position: bottom center;background-size: cover;}.tatsu-BJTVLIx1c .tatsu-section-pad{padding: 90px 0px 0px 0px;}}<\/style><\/div>\n","protected":false},"excerpt":{"rendered":"<p><a href=\"https:\/\/www.ateepix.com\/?page_id=168\" class=\"more-link style1-button\">Read More<\/a><\/p>","protected":false},"author":2,"featured_media":0,"parent":0,"menu_order":0,"comment_status":"closed","ping_status":"closed","template":"","meta":[],"_links":{"self":[{"href":"https:\/\/www.ateepix.com\/index.php?rest_route=\/wp\/v2\/pages\/168"}],"collection":[{"href":"https:\/\/www.ateepix.com\/index.php?rest_route=\/wp\/v2\/pages"}],"about":[{"href":"https:\/\/www.ateepix.com\/index.php?rest_route=\/wp\/v2\/types\/page"}],"author":[{"embeddable":true,"href":"https:\/\/www.ateepix.com\/index.php?rest_route=\/wp\/v2\/users\/2"}],"replies":[{"embeddable":true,"href":"https:\/\/www.ateepix.com\/index.php?rest_route=%2Fwp%2Fv2%2Fcomments&post=168"}],"version-history":[{"count":29,"href":"https:\/\/www.ateepix.com\/index.php?rest_route=\/wp\/v2\/pages\/168\/revisions"}],"predecessor-version":[{"id":1008,"href":"https:\/\/www.ateepix.com\/index.php?rest_route=\/wp\/v2\/pages\/168\/revisions\/1008"}],"wp:attachment":[{"href":"https:\/\/www.ateepix.com\/index.php?rest_route=%2Fwp%2Fv2%2Fmedia&parent=168"}],"curies":[{"name":"wp","href":"https:\/\/api.w.org\/{rel}","templated":true}]}}